{"id":7,"date":"2021-02-17T11:15:29","date_gmt":"2021-02-17T10:15:29","guid":{"rendered":"http:\/\/magic-on.fr\/?page_id=7"},"modified":"2025-02-21T16:02:36","modified_gmt":"2025-02-21T15:02:36","slug":"a-propos-de","status":"publish","type":"page","link":"https:\/\/magic-on.fr\/?page_id=7","title":{"rendered":"\u00c0 PROPOS"},"content":{"rendered":"<div data-colibri-id=\"7-c1\" class=\"style-483 style-local-7-c1 position-relative\">\n  <!---->\n  <div data-colibri-component=\"section\" data-colibri-id=\"7-c2\" id=\"about\" class=\"h-section h-section-global-spacing d-flex align-items-lg-center align-items-md-center align-items-center style-488 style-local-7-c2 position-relative\">\n    <!---->\n    <!---->\n    <div class=\"h-section-grid-container h-section-boxed-container\">\n      <!---->\n      <div data-colibri-id=\"7-c3\" class=\"h-row-container gutters-row-lg-2 gutters-row-md-2 gutters-row-2 gutters-row-v-lg-2 gutters-row-v-md-2 gutters-row-v-2 style-489 style-local-7-c3 h-hide-md h-hide-sm position-relative\">\n        <!---->\n        <div class=\"h-row justify-content-lg-center justify-content-md-center justify-content-center align-items-lg-stretch align-items-md-stretch align-items-stretch gutters-col-lg-2 gutters-col-md-2 gutters-col-2 gutters-col-v-lg-2 gutters-col-v-md-2 gutters-col-v-2\">\n          <!---->\n          <div class=\"h-column h-column-container d-flex h-col-lg-auto h-col-md-auto h-col-auto style-496-outer style-local-7-c4-outer\">\n            <div data-colibri-id=\"7-c4\" class=\"d-flex h-flex-basis h-column__inner h-px-lg-2 h-px-md-2 h-px-2 v-inner-lg-2 v-inner-md-2 v-inner-2 style-496 style-local-7-c4 position-relative\">\n              <!---->\n              <!---->\n              <div class=\"w-100 h-y-container h-column__content h-column__v-align flex-basis-100 align-self-lg-center align-self-md-center align-self-center\">\n                <!---->\n                <div data-colibri-id=\"7-c5\" class=\"h-row-container gutters-row-lg-2 gutters-row-md-2 gutters-row-0 gutters-row-v-lg-2 gutters-row-v-md-2 gutters-row-v-2 style-1193 style-local-7-c5 position-relative\">\n                  <!---->\n                  <div class=\"h-row justify-content-lg-center justify-content-md-center justify-content-center align-items-lg-stretch align-items-md-stretch align-items-stretch gutters-col-lg-2 gutters-col-md-2 gutters-col-0 gutters-col-v-lg-2 gutters-col-v-md-2 gutters-col-v-2\">\n                    <!---->\n                    <div class=\"h-column h-column-container d-flex h-col-lg-auto h-col-md-auto h-col-auto style-1194-outer style-local-7-c6-outer\">\n                      <div data-colibri-id=\"7-c6\" class=\"d-flex h-flex-basis h-column__inner h-ui-empty-state-container h-px-lg-2 h-px-md-2 h-px-2 v-inner-lg-2 v-inner-md-2 v-inner-2 style-1194 style-local-7-c6 position-relative\">\n                        <!---->\n                        <!---->\n                        <div class=\"w-100 h-y-container h-column__content h-column__v-align flex-basis-100\">\n                          <!---->\n                        <\/div>\n                      <\/div>\n                    <\/div>\n                    <div class=\"h-column h-column-container d-flex h-col-lg-auto h-col-md-auto h-col-auto style-1195-outer style-local-7-c7-outer\">\n                      <div data-colibri-id=\"7-c7\" class=\"d-flex h-flex-basis h-column__inner h-ui-empty-state-container h-px-lg-2 h-px-md-2 h-px-2 v-inner-lg-2 v-inner-md-2 v-inner-2 style-1195 style-local-7-c7 position-relative\">\n                        <!---->\n                        <!---->\n                        <div class=\"w-100 h-y-container h-column__content h-column__v-align flex-basis-100\">\n                          <!---->\n                        <\/div>\n                      <\/div>\n                    <\/div>\n                  <\/div>\n                <\/div>\n              <\/div>\n            <\/div>\n          <\/div>\n          <div class=\"h-column h-column-container d-flex h-col-lg-auto h-col-md-auto h-col-auto style-490-outer style-local-7-c8-outer\">\n            <div data-colibri-id=\"7-c8\" class=\"d-flex h-flex-basis h-column__inner h-px-lg-2 h-px-md-2 h-px-2 v-inner-lg-2 v-inner-md-2 v-inner-2 style-490 style-local-7-c8 position-relative\">\n              <!---->\n              <!---->\n              <div class=\"w-100 h-y-container h-column__content h-column__v-align flex-basis-100 align-self-lg-center align-self-md-center align-self-center\">\n                <!---->\n                <div data-colibri-id=\"7-c9\" class=\"h-text h-text-component style-1190 style-local-7-c9 position-relative h-element\">\n                  <!---->\n                  <!---->\n                  <div class=\"\">\n                    <h3><span style=\"font-family: Muli; color: rgb(255, 255, 255);\">Geoffrey Masson<\/span><\/h3>\n                    <p>\n                      <br>\n                    <\/p>\n                    <p><span style=\"font-family: Muli; color: rgb(255, 255, 255);\">Apr\u00e8s des \u00e9tudes dans le domaine de la 3D et du cin\u00e9ma d\u2019animation, j\u2019ai travaill\u00e9 pendant plusieurs ann\u00e9es dans le spectacle nocturne et plus particuli\u00e8rement le mapping vid\u00e9o sur monuments.<\/span><\/p>\n                    <p><span style=\"font-family: Muli; color: rgb(255, 255, 255);\">Fan inconditionnel de parcs \u00e0 th\u00e8me et de leurs innovations technologiques, j\u2019ai m\u00eal\u00e9 passion et comp\u00e9tences en cr\u00e9ant Magic On en 2021 afin de proposer tout mon savoir faire aux escapes game et autres lieux immersifs.<\/span><\/p>\n                    <p>\n                      <br>\n                    <\/p>\n                  <\/div>\n                <\/div>\n                <div data-colibri-id=\"7-c10\" class=\"style-1191 style-local-7-c10 position-relative h-element\">\n                  <!---->\n                <\/div>\n              <\/div>\n            <\/div>\n          <\/div>\n        <\/div>\n      <\/div>\n      <div data-colibri-id=\"7-c11\" class=\"h-row-container gutters-row-lg-2 gutters-row-md-1 gutters-row-2 gutters-row-v-lg-2 gutters-row-v-md-1 gutters-row-v-2 style-1226 style-local-7-c11 h-hide-lg position-relative\">\n        <!---->\n        <div class=\"h-row justify-content-lg-center justify-content-md-center justify-content-center align-items-lg-stretch align-items-md-stretch align-items-stretch gutters-col-lg-2 gutters-col-md-1 gutters-col-2 gutters-col-v-lg-2 gutters-col-v-md-1 gutters-col-v-2\">\n          <!---->\n          <div class=\"h-column h-column-container d-flex h-col-lg-auto h-col-md-auto h-col-auto style-496-outer style-local-7-c12-outer\">\n            <div data-colibri-id=\"7-c12\" class=\"d-flex h-flex-basis h-column__inner h-px-lg-2 h-px-md-1 h-px-2 v-inner-lg-2 v-inner-md-1 v-inner-2 style-496 style-local-7-c12 position-relative\">\n              <!---->\n              <!---->\n              <div class=\"w-100 h-y-container h-column__content h-column__v-align flex-basis-100 align-self-lg-center align-self-md-center align-self-center\">\n                <!---->\n                <div data-colibri-id=\"7-c13\" class=\"h-row-container gutters-row-lg-2 gutters-row-md-2 gutters-row-0 gutters-row-v-lg-2 gutters-row-v-md-2 gutters-row-v-2 style-1193 style-local-7-c13 position-relative\">\n                  <!---->\n                  <div class=\"h-row justify-content-lg-center justify-content-md-center justify-content-center align-items-lg-stretch align-items-md-stretch align-items-stretch gutters-col-lg-2 gutters-col-md-2 gutters-col-0 gutters-col-v-lg-2 gutters-col-v-md-2 gutters-col-v-2\">\n                    <!---->\n                    <div class=\"h-column h-column-container d-flex h-col-lg-auto h-col-md-auto h-col-auto style-1194-outer style-local-7-c14-outer\">\n                      <div data-colibri-id=\"7-c14\" class=\"d-flex h-flex-basis h-column__inner h-ui-empty-state-container h-px-lg-2 h-px-md-2 h-px-2 v-inner-lg-2 v-inner-md-2 v-inner-2 style-1194 style-local-7-c14 position-relative\">\n                        <!---->\n                        <!---->\n                        <div class=\"w-100 h-y-container h-column__content h-column__v-align flex-basis-100\">\n                          <!---->\n                        <\/div>\n                      <\/div>\n                    <\/div>\n                    <div class=\"h-column h-column-container d-flex h-col-lg-auto h-col-md-auto h-col-auto style-1195-outer style-local-7-c15-outer\">\n                      <div data-colibri-id=\"7-c15\" class=\"d-flex h-flex-basis h-column__inner h-ui-empty-state-container h-px-lg-2 h-px-md-2 h-px-2 v-inner-lg-2 v-inner-md-2 v-inner-2 style-1195 style-local-7-c15 position-relative\">\n                        <!---->\n                        <!---->\n                        <div class=\"w-100 h-y-container h-column__content h-column__v-align flex-basis-100\">\n                          <!---->\n                        <\/div>\n                      <\/div>\n                    <\/div>\n                  <\/div>\n                <\/div>\n              <\/div>\n            <\/div>\n          <\/div>\n          <div class=\"h-column h-column-container d-flex h-col-lg-auto h-col-md-auto h-col-auto style-490-outer style-local-7-c16-outer\">\n            <div data-colibri-id=\"7-c16\" class=\"d-flex h-flex-basis h-column__inner h-px-lg-2 h-px-md-1 h-px-2 v-inner-lg-2 v-inner-md-1 v-inner-2 style-490 style-local-7-c16 position-relative\">\n              <!---->\n              <!---->\n              <div class=\"w-100 h-y-container h-column__content h-column__v-align flex-basis-100 align-self-lg-center align-self-md-center align-self-center\">\n                <!---->\n                <div data-colibri-id=\"7-c17\" class=\"h-text h-text-component style-1190 style-local-7-c17 position-relative h-element\">\n                  <!---->\n                  <!---->\n                  <div class=\"\">\n                    <h3><span style=\"font-family: Muli; color: rgb(255, 255, 255);\">Geoffrey Masson<\/span><\/h3>\n                    <p>\n                      <br>\n                    <\/p>\n                    <p><span style=\"font-family: Muli; color: rgb(255, 255, 255);\">Apr\u00e8s des \u00e9tudes dans le domaine de la 3D et du cin\u00e9ma d\u2019animation, j\u2019ai travaill\u00e9 pendant plusieurs ann\u00e9es dans le spectacle nocturne et plus particuli\u00e8rement le mapping vid\u00e9o sur monuments.<\/span><\/p>\n                    <p><span style=\"font-family: Muli; color: rgb(255, 255, 255);\">Fan inconditionnel de parcs \u00e0 th\u00e8me et de leurs innovations technologiques, j\u2019ai m\u00eal\u00e9 passion et comp\u00e9tences en cr\u00e9ant Magic On en 2021 afin de proposer tout mon savoir faire aux escapes game et autres lieux immersifs.<\/span><\/p>\n                    <p>\n                      <br>\n                    <\/p>\n                  <\/div>\n                <\/div>\n              <\/div>\n            <\/div>\n          <\/div>\n        <\/div>\n      <\/div>\n      <div data-colibri-id=\"7-c18\" class=\"h-row-container gutters-row-lg-2 gutters-row-md-2 gutters-row-2 gutters-row-v-lg-2 gutters-row-v-md-2 gutters-row-v-2 style-1227 style-local-7-c18 h-hide-md h-hide-sm position-relative\">\n        <!---->\n        <div class=\"h-row justify-content-lg-center justify-content-md-center justify-content-center align-items-lg-stretch align-items-md-stretch align-items-stretch gutters-col-lg-2 gutters-col-md-2 gutters-col-2 gutters-col-v-lg-2 gutters-col-v-md-2 gutters-col-v-2\">\n          <!---->\n          <div class=\"h-column h-column-container d-flex h-col-lg-auto h-col-md-auto h-col-auto style-496-outer style-local-7-c19-outer\">\n            <div data-colibri-id=\"7-c19\" class=\"d-flex h-flex-basis h-column__inner h-px-lg-2 h-px-md-2 h-px-2 v-inner-lg-2 v-inner-md-2 v-inner-2 style-496 style-local-7-c19 position-relative\">\n              <!---->\n              <!---->\n              <div class=\"w-100 h-y-container h-column__content h-column__v-align flex-basis-100 align-self-lg-center align-self-md-center align-self-center\">\n                <!---->\n                <div data-colibri-id=\"7-c20\" class=\"h-text h-text-component style-1190 style-local-7-c20 position-relative h-element\">\n                  <!---->\n                  <!---->\n                  <div class=\"\">\n                    <h3><span style=\"color: rgb(255, 255, 255); font-family: Muli;\">Maryon Masson<\/span><\/h3>\n                    <p>\n                      <br>\n                    <\/p>\n                    <p><span style=\"font-family: Muli; color: rgb(252, 249, 249);\">Tomb\u00e9e petite dans le milieu du spectacle et de la danse, c\u2019est tout naturellement que je me suis dirig\u00e9e vers des \u00e9tudes d\u2019artisanat et m\u00e9tiers d\u2019art dans le domaine du v\u00eatement et costume.<\/span><\/p>\n                    <p><span style=\"font-family: Muli; color: rgb(252, 249, 249);\">Berc\u00e9e par le fantastique, j\u2019ai acquis au fils des ann\u00e9es diverses comp\u00e9tences dans la transformation des mati\u00e8res telles que les textiles, le bois, les bi composites (r\u00e9sines et silicones), les mousses, etc.<\/span><\/p>\n                    <p><span style=\"font-family: Muli; color: rgb(252, 249, 249);\">j\u2019aime donner vie \u00e0 des personnages et cr\u00e9atures tout en relevant les challenges et contraintes qu\u2019impose le spectacle et les escapes game. <\/span><\/p>\n                    <p>\n                      <br>\n                    <\/p>\n                  <\/div>\n                <\/div>\n              <\/div>\n            <\/div>\n          <\/div>\n          <div class=\"h-column h-column-container d-flex h-col-lg-auto h-col-md-auto h-col-auto style-490-outer style-local-7-c21-outer\">\n            <div data-colibri-id=\"7-c21\" class=\"d-flex h-flex-basis h-column__inner h-px-lg-2 h-px-md-2 h-px-2 v-inner-lg-2 v-inner-md-2 v-inner-2 style-490 style-local-7-c21 position-relative\">\n              <!---->\n              <!---->\n              <div class=\"w-100 h-y-container h-column__content h-column__v-align flex-basis-100 align-self-lg-center align-self-md-center align-self-center\">\n                <!---->\n                <div data-colibri-id=\"7-c22\" class=\"style-1191 style-local-7-c22 position-relative h-element\">\n                  <!---->\n                <\/div>\n              <\/div>\n            <\/div>\n          <\/div>\n        <\/div>\n      <\/div>\n      <div data-colibri-id=\"7-c23\" class=\"h-row-container gutters-row-lg-2 gutters-row-md-2 gutters-row-2 gutters-row-v-lg-2 gutters-row-v-md-2 gutters-row-v-2 style-1192 style-local-7-c23 h-hide-lg position-relative\">\n        <!---->\n        <div class=\"h-row justify-content-lg-center justify-content-md-center justify-content-center align-items-lg-stretch align-items-md-stretch align-items-stretch gutters-col-lg-2 gutters-col-md-2 gutters-col-2 gutters-col-v-lg-2 gutters-col-v-md-2 gutters-col-v-2\">\n          <!---->\n          <div class=\"h-column h-column-container d-flex h-col-lg-auto h-col-md-auto h-col-auto style-496-outer style-local-7-c24-outer\">\n            <div data-colibri-id=\"7-c24\" class=\"d-flex h-flex-basis h-column__inner h-px-lg-2 h-px-md-2 h-px-2 v-inner-lg-2 v-inner-md-2 v-inner-2 style-496 style-local-7-c24 position-relative\">\n              <!---->\n              <!---->\n              <div class=\"w-100 h-y-container h-column__content h-column__v-align flex-basis-100 align-self-lg-center align-self-md-center align-self-center\">\n                <!---->\n                <div data-colibri-id=\"7-c25\" class=\"h-text h-text-component style-1190 style-local-7-c25 position-relative h-element\">\n                  <!---->\n                  <!---->\n                  <div class=\"\">\n                    <h3><span style=\"color: rgb(255, 255, 255); font-family: Muli;\">Maryon Masson<\/span><\/h3>\n                    <p>\n                      <br>\n                    <\/p>\n                    <p><span style=\"font-family: Muli; color: rgb(252, 249, 249);\">Tomb\u00e9e petite dans le milieu du spectacle et de la danse, c\u2019est tout naturellement que je me suis dirig\u00e9e vers des \u00e9tudes d\u2019artisanat et m\u00e9tiers d\u2019art dans le domaine du v\u00eatement et costume.<\/span><\/p>\n                    <p><span style=\"font-family: Muli; color: rgb(252, 249, 249);\">Berc\u00e9e par le fantastique, j\u2019ai acquis au fils des ann\u00e9es diverses comp\u00e9tences dans la transformation des mati\u00e8res telles que les textiles, le bois, les bi composites (r\u00e9sines et silicones), les mousses, etc.<\/span><\/p>\n                    <p><span style=\"font-family: Muli; color: rgb(252, 249, 249);\">j\u2019aime donner vie \u00e0 des personnages et cr\u00e9atures tout en relevant les challenges et contraintes qu\u2019impose le spectacle et les escapes game. <\/span><\/p>\n                    <p>\n                      <br>\n                    <\/p>\n                  <\/div>\n                <\/div>\n              <\/div>\n            <\/div>\n          <\/div>\n          <div class=\"h-column h-column-container d-flex h-col-lg-auto h-col-md-auto h-col-auto style-490-outer style-local-7-c26-outer\">\n            <div data-colibri-id=\"7-c26\" class=\"d-flex h-flex-basis h-column__inner h-px-lg-2 h-px-md-2 h-px-2 v-inner-lg-2 v-inner-md-2 v-inner-2 style-490 style-local-7-c26 position-relative\">\n              <!---->\n              <!---->\n              <div class=\"w-100 h-y-container h-column__content h-column__v-align flex-basis-100 align-self-lg-center align-self-md-center align-self-center\">\n                <!---->\n                <div data-colibri-id=\"7-c27\" class=\"style-1191 style-local-7-c27 position-relative h-element\">\n                  <!---->\n                <\/div>\n              <\/div>\n            <\/div>\n          <\/div>\n        <\/div>\n      <\/div>\n    <\/div>\n  <\/div>\n  <div data-colibri-component=\"section\" data-colibri-id=\"7-c28\" id=\"custom\" class=\"h-section h-section-global-spacing d-flex align-items-lg-center align-items-md-center align-items-center style-1196 style-local-7-c28 position-relative\">\n    <!---->\n    <!---->\n    <div class=\"h-section-grid-container h-section-boxed-container\">\n      <!---->\n      <div data-colibri-id=\"7-c29\" class=\"h-row-container gutters-row-lg-2 gutters-row-md-2 gutters-row-0 gutters-row-v-lg-2 gutters-row-v-md-2 gutters-row-v-2 style-1197 style-local-7-c29 position-relative\">\n        <!---->\n        <div class=\"h-row justify-content-lg-center justify-content-md-center justify-content-center align-items-lg-stretch align-items-md-stretch align-items-stretch gutters-col-lg-2 gutters-col-md-2 gutters-col-0 gutters-col-v-lg-2 gutters-col-v-md-2 gutters-col-v-2\">\n          <!---->\n          <div class=\"h-column h-column-container d-flex h-col-lg-auto h-col-md-auto h-col-auto style-1198-outer style-local-7-c30-outer\">\n            <div data-colibri-id=\"7-c30\" class=\"d-flex h-flex-basis h-column__inner h-ui-empty-state-container h-px-lg-2 h-px-md-2 h-px-2 v-inner-lg-2 v-inner-md-2 v-inner-2 style-1198 style-local-7-c30 position-relative\">\n              <!---->\n              <!---->\n              <div class=\"w-100 h-y-container h-column__content h-column__v-align flex-basis-100\">\n                <!---->\n              <\/div>\n            <\/div>\n          <\/div>\n        <\/div>\n      <\/div>\n    <\/div>\n  <\/div>\n<\/div>","protected":false},"excerpt":{"rendered":"<p>Geoffrey Masson Apr\u00e8s des \u00e9tudes dans le domaine de la 3D et du cin\u00e9ma d\u2019animation, j\u2019ai travaill\u00e9 pendant plusieurs ann\u00e9es dans le spectacle nocturne et plus particuli\u00e8rement le mapping vid\u00e9o sur monuments. Fan inconditionnel de parcs \u00e0 th\u00e8me et de leurs innovations technologiques, j\u2019ai m\u00eal\u00e9 passion et comp\u00e9tences en cr\u00e9ant Magic On en 2021 afin [&hellip;]<\/p>\n","protected":false},"author":1,"featured_media":0,"parent":0,"menu_order":0,"comment_status":"closed","ping_status":"closed","template":"page-templates\/full-width-page.php","meta":[],"_links":{"self":[{"href":"https:\/\/magic-on.fr\/index.php?rest_route=\/wp\/v2\/pages\/7"}],"collection":[{"href":"https:\/\/magic-on.fr\/index.php?rest_route=\/wp\/v2\/pages"}],"about":[{"href":"https:\/\/magic-on.fr\/index.php?rest_route=\/wp\/v2\/types\/page"}],"author":[{"embeddable":true,"href":"https:\/\/magic-on.fr\/index.php?rest_route=\/wp\/v2\/users\/1"}],"replies":[{"embeddable":true,"href":"https:\/\/magic-on.fr\/index.php?rest_route=%2Fwp%2Fv2%2Fcomments&post=7"}],"version-history":[{"count":16,"href":"https:\/\/magic-on.fr\/index.php?rest_route=\/wp\/v2\/pages\/7\/revisions"}],"predecessor-version":[{"id":1643,"href":"https:\/\/magic-on.fr\/index.php?rest_route=\/wp\/v2\/pages\/7\/revisions\/1643"}],"wp:attachment":[{"href":"https:\/\/magic-on.fr\/index.php?rest_route=%2Fwp%2Fv2%2Fmedia&parent=7"}],"curies":[{"name":"wp","href":"https:\/\/api.w.org\/{rel}","templated":true}]}}